{"id":134,"date":"2024-08-10T08:59:24","date_gmt":"2024-08-10T08:59:24","guid":{"rendered":"https:\/\/netifarma.com\/?page_id=134"},"modified":"2026-02-24T11:52:15","modified_gmt":"2026-02-24T11:52:15","slug":"nosotros","status":"publish","type":"page","link":"https:\/\/netifarma.com\/?page_id=134","title":{"rendered":"Nosotros"},"content":{"rendered":"\t\t<div data-elementor-type=\"wp-page\" data-elementor-id=\"134\" class=\"elementor elementor-134\" data-elementor-post-type=\"page\">\n\t\t\t\t<div class=\"elementor-element elementor-element-6956afa e-con-full e-flex e-con e-parent\" data-id=\"6956afa\" data-element_type=\"container\">\n\t\t<div class=\"elementor-element elementor-element-1a74c11 e-con-full e-flex e-con e-child\" data-id=\"1a74c11\" data-element_type=\"container\">\n\t\t\t\t<div class=\"elementor-element elementor-element-3a272b6 elementor-widget elementor-widget-image\" data-id=\"3a272b6\" data-element_type=\"widget\" data-widget_type=\"image.default\">\n\t\t\t\t<div class=\"elementor-widget-container\">\n\t\t\t\t\t\t\t\t\t\t\t\t\t<img decoding=\"async\" width=\"350\" height=\"125\" src=\"https:\/\/netifarma.com\/wp-content\/uploads\/2024\/08\/netifarmaby.jpg\" class=\"attachment-large size-large wp-image-143\" alt=\"\" srcset=\"https:\/\/netifarma.com\/wp-content\/uploads\/2024\/08\/netifarmaby.jpg 350w, https:\/\/netifarma.com\/wp-content\/uploads\/2024\/08\/netifarmaby-300x107.jpg 300w\" sizes=\"(max-width: 350px) 100vw, 350px\" \/>\t\t\t\t\t\t\t\t\t\t\t\t\t<\/div>\n\t\t\t\t<\/div>\n\t\t\t\t<\/div>\n\t\t<div class=\"elementor-element elementor-element-e0838ba e-con-full e-flex e-con e-child\" data-id=\"e0838ba\" data-element_type=\"container\">\n\t\t\t\t<div class=\"elementor-element elementor-element-e27d523 elementor-widget elementor-widget-heading\" data-id=\"e27d523\" data-element_type=\"widget\" data-widget_type=\"heading.default\">\n\t\t\t\t<div class=\"elementor-widget-container\">\n\t\t\t<style>\/*! elementor - v3.23.0 - 05-08-2024 *\/\n.elementor-heading-title{padding:0;margin:0;line-height:1}.elementor-widget-heading .elementor-heading-title[class*=elementor-size-]>a{color:inherit;font-size:inherit;line-height:inherit}.elementor-widget-heading .elementor-heading-title.elementor-size-small{font-size:15px}.elementor-widget-heading .elementor-heading-title.elementor-size-medium{font-size:19px}.elementor-widget-heading .elementor-heading-title.elementor-size-large{font-size:29px}.elementor-widget-heading .elementor-heading-title.elementor-size-xl{font-size:39px}.elementor-widget-heading .elementor-heading-title.elementor-size-xxl{font-size:59px}<\/style><h2 class=\"elementor-heading-title elementor-size-default\">Nosotros<\/h2>\t\t<\/div>\n\t\t\t\t<\/div>\n\t\t\t\t<div class=\"elementor-element elementor-element-4db0af8 elementor-widget elementor-widget-heading\" data-id=\"4db0af8\" data-element_type=\"widget\" data-widget_type=\"heading.default\">\n\t\t\t\t<div class=\"elementor-widget-container\">\n\t\t\t<h6 class=\"elementor-heading-title elementor-size-default\">NETIFARMA, filial de GRUPO NETINERS, es una empresa con una estructura consolidada y especializada en soluciones de control de efectivo para farmacias. Nuestra empresa cuenta con una amplia experiencia en el sector de farmacia desarrollando nuestra actividad en Espa\u00f1a y Portugal. La mejora, avances t\u00e9cnicos y tecnol\u00f3gicos en productos y servicios ha sido una constante desde nuestros inicios, trabajamos diariamente con el objetivo de ofrecer productos de calidad y un servicio continuado a las farmacias.\nEn NETIFARMA entendemos que la calidad de nuestros productos y la calidad del servicio post-venta son inseparables. Por ello nuestro departamento t\u00e9cnico es clave en nuestra empresa, en muchos casos nuestros productos y servicios son esenciales para su negocio y precisan de una atenci\u00f3n permanente en el mantenimiento o reparaci\u00f3n de los equipos. Por ello como cliente de NETIFARMA dispondr\u00e1 de una amplia gama de productos y servicios en funci\u00f3n del equipo y el servicio contratado. Para asegurar un excelente nivel del servicio post-venta, NETIFARMA pone a su disposici\u00f3n un equipo cualificado y profesional con el objetivo de ofrecer a todos nuestros clientes un servicio r\u00e1pido, eficaz y de cercan\u00eda.\n<br><br><b>#wearenetiners #netifarma<\/h6>\t\t<\/div>\n\t\t\t\t<\/div>\n\t\t\t\t<\/div>\n\t\t\t\t<\/div>\n\t\t\t\t<\/div>\n\t\t","protected":false},"excerpt":{"rendered":"<p>Nosotros NETIFARMA, filial de GRUPO NETINERS, es una empresa con una estructura consolidada y especializada en soluciones de control de efectivo para farmacias. Nuestra empresa cuenta con una amplia experiencia en el sector de farmacia desarrollando nuestra actividad en Espa\u00f1a y Portugal. La mejora, avances t\u00e9cnicos y tecnol\u00f3gicos en productos y servicios ha sido una [&hellip;]<\/p>\n","protected":false},"author":1,"featured_media":0,"parent":0,"menu_order":0,"comment_status":"closed","ping_status":"closed","template":"elementor_header_footer","meta":{"_joinchat":[],"footnotes":""},"class_list":["post-134","page","type-page","status-publish","hentry"],"_links":{"self":[{"href":"https:\/\/netifarma.com\/index.php?rest_route=\/wp\/v2\/pages\/134","targetHints":{"allow":["GET"]}}],"collection":[{"href":"https:\/\/netifarma.com\/index.php?rest_route=\/wp\/v2\/pages"}],"about":[{"href":"https:\/\/netifarma.com\/index.php?rest_route=\/wp\/v2\/types\/page"}],"author":[{"embeddable":true,"href":"https:\/\/netifarma.com\/index.php?rest_route=\/wp\/v2\/users\/1"}],"replies":[{"embeddable":true,"href":"https:\/\/netifarma.com\/index.php?rest_route=%2Fwp%2Fv2%2Fcomments&post=134"}],"version-history":[{"count":17,"href":"https:\/\/netifarma.com\/index.php?rest_route=\/wp\/v2\/pages\/134\/revisions"}],"predecessor-version":[{"id":408,"href":"https:\/\/netifarma.com\/index.php?rest_route=\/wp\/v2\/pages\/134\/revisions\/408"}],"wp:attachment":[{"href":"https:\/\/netifarma.com\/index.php?rest_route=%2Fwp%2Fv2%2Fmedia&parent=134"}],"curies":[{"name":"wp","href":"https:\/\/api.w.org\/{rel}","templated":true}]}}